r when 246 is divided by q.
3
Suppose -5*o + 20 = 0, 0 = -5*g - 4*o - 1 + 392. Calculate the remainder when g is divided by 6.
3
Let g(s) be the second derivative of s**5/20 + 29*s**4/12 + 31*s**3/6 + 49*s**2 + 14*s - 1. Calculate the remainder when 194 is divided by g(-28).
12
Let c(h) be the third derivative of -h**4/12 + 32*h**3 + h**2 - 93*h. Calculate the remainder when c(26) is divided by 29.
24
Let f be 62/(-1) + (5 - 1). Let y = f + 57. Let s(g) = 46*g**2 + 2*g. Calculate the remainder when s(y) is divided by 17.
10
Suppose 246965 = -277*q + 4414153. Calculate the remainder when q is divided by 5.
4
Let n = 153591 + -153533. Let a = -17 + 33. Let l = -6 + a. Calculate the remainder when n is divided by l.
8
What is the remainder when 1130 - (12 + (-40)/4) is divided by 159?
15
Let z = -2506701 - -2506705. Let v = 6 - 4. What is the remainder when v/((2/24)/1) is divided by z?
0
Suppose -230 = 10*h - 10. Calculate the remainder when 10/(-55) - (2 + 1874/h) is divided by 44.
39
Let f = -662 - -462. Let j = f - -218. Calculate the remainder when 159 is divided by j.
15
Suppose 0 = -p + 2*a + 508, 4*p + a - 1108 = 924. Suppose -576 = -p*m + 492*m. Calculate the remainder when 62 is divided by m.
26
Let a(o) = o**2 + 87*o + 1197. What is the remainder when 66 is divided by a(-17)?
3
Suppose -2*w - 20 - 50 = 4*u, -5*u = 3*w + 88. Let c = 22 + u. Suppose -7*n + 195 = -2*n. Calculate the remainder when n is divided by c.
4
Let g(h) = 422*h - 1513. What is the remainder when 11371 is divided by g(4)?
171
What is the remainder when 196 is divided by (-5 - (-1 + -5))*(27 - 1)?
14
Calculate the remainder when (234/312)/(1/156) is divided by 13.
0
Suppose -17*t = -190 - 96 + 65. Calculate the remainder when 861 is divided by t.
3
Let s be (-21)/(-2)*(2 - (-40)/28). Let q = 77 - s. Suppose -299 = -20*a + 2141. What is the remainder when a is divided by q?
40
Let x(r) = r**2 + 25*r - 43. What is the remainder when 76/(-3)*(-150)/100 is divided by x(-27)?
5
Suppose -416859*i - 27 = -416862*i. Suppose 3*o + 11 = 2*p + 48, -p + 1 = 0. Calculate the remainder when o is divided by i.
4
Calculate the remainder when 1369 is divided by (196/(-16))/(-2 - (-165)/88).
95
Let i = -304 + 309. Suppose 3*t - 6 = 0, i*t + 86 = 8*c - 4*c. What is the remainder when 165 is divided by c?
21
Let x = -3 - 4. Let z(q) = -20*q - 11. Calculate the remainder when z(x) is divided by 80/30 + 175/21.
8
Suppose 4*l - k - 683 = 0, 4*l + 19*k - 18*k - 693 = 0. Calculate the remainder when l is divided by 54.
10
Let g = 34607 + -34472. What is the remainder when 313 is divided by g?
43
Suppose 4*r - 68 = -4*g, -2*r - 5*g + 2*g = -37. Calculate the remainder when 25 is divided by r.
11
Let t(r) = 11*r + 116. Let b(m) = 5*m + 57. Let j(l) = 7*b(l) - 3*t(l). What is the remainder when j(-13) is divided by 15?
10
Suppose 2*a - 466 = -3*t, 0 = 2*t - 4*a - 138 - 146. What is the remainder when 451 is divided by t?
147
Let j = -5027 + 5095. What is the remainder when 142 is divided by j?
6
Suppose -2792*o + 2785*o + 301 = 0. Calculate the remainder when 143 is divided by o.
14
Let u = -18002 - -18017. Calculate the remainder when 23323 is divided by u.
13
Let g(i) = 17*i**2 + 25*i + 8. What is the remainder when 673 is divided by g(-3)?
71
Suppose -36*j - 173 = -1469. Calculate the remainder when 935 is divided by j.
35
Let o(q) = -14*q + 45. Let i = 69 - 66. Suppose 0 = 3*y - 4 - 8. What is the remainder when y is divided by o(i)?
1
What is the remainder when 514 is divided by ((-319)/22 + 15)/((-2)/(-188))?
44
Suppose 5*c = 3*c + 206. Let i(j) = 3*j**2 - 12*j - 123. What is the remainder when c is divided by i(-5)?
7
Let n(c) = -50*c - 2. Let l = -2257 - -2267. What is the remainder when n(-2) is divided by l?
8
Suppose -15*k = -21*k + 48. What is the remainder when (-4692)/k*4/(-6) is divided by 66?
61
Let q = 815 + -735. Suppose 3*p = -5*m + 98, 0 = -0*m - 4*m - 2*p + q. Calculate the remainder when 239 is divided by m.
19
Suppose 3*o - 23 = -y - y, -2*o - 105 = -5*y. Let b(p) = -2*p**2 - 51*p + 524. Calculate the remainder when b(7) is divided by y.
12
Let o(m) = -26*m + 1439. Calculate the remainder when 519 is divided by o(55).
6
Let x(l) = -l**3 + 8*l**2 + 13*l - 42. What is the remainder when x(4) is divided by (-2)/(-7) - (-525)/49?
8
Let x be (-3)/12*-44 - -1174. Suppose x = 18*z + 339. Calculate the remainder when (-551)/(-4) + 2/8 is divided by z.
44
Suppose 0 = -4*a + 4*w + 408, 5*a - 6 = -4*w + 459. Let q(d) = d + 17. Suppose 0 = -11*g + 4*g. What is the remainder when a is divided by q(g)?
12
Suppose -10 = 5*d, -b + 25*d - 27*d = -479. What is the remainder when b is divided by 118?
11
Let p(y) be the first derivative of y**2 + 13*y - 18. What is the remainder when 36 is divided by p(0)?
10
Let l = 267 + -29. Let f = l + -185. What is the remainder when 105 is divided by f?
52
Let a(u) = -15*u + 26. Let i be a(2). What is the remainder when 43/(1*i/(-4)) is divided by 9?
7
Suppose 5*p - 2 = -i, -2*i + 4*p + 47 = 1. Let f(h) = 18*h**3 + h**2 + h - 1. What is the remainder when i*((-6)/1 - -10) is divided by f(1)?
11
Suppose -4*t - 36 = -t. Let v be (-1*t/(-2))/(3/4). What is the remainder when 6 is divided by 4*2/(-6)*(5 + v)?
2
Let j be (1 - (-310)/(-110)) + 2/(-11). What is the remainder when j/(-7 + (-5490)/(-786)) is divided by 4/2*38/4?
17
Let g(r) = -11*r**2 - 81*r - 13. What is the remainder when 100 is divided by g(-7)?
10
Suppose -33*d + 30*d + 531 = 0. Suppose 0 = -w + 4*c + 46 + 3, -3*c = 4*w - d. What is the remainder when w is divided by 24?
21
Let h = 10 + -12. Let f(a) = -36*a + 1. Suppose 230*y - 232*y + 38 = 0. Calculate the remainder when f(h) is divided by y.
16
Suppose 2*s + 14 = p + 4*p, p = -2. Let j be (-34)/(-6) - 4/s. What is the remainder when j/(-12)*(0 + -76) is divided by 13?
12
Let n = -265 + 265. Suppose n = 2*s - 112 + 8. Calculate the remainder when s is divided by 25.
2
Suppose -931 = -5*i - 51. Let l = 205 - i. Calculate the remainder when 259 is divided by l.
27
Suppose -14*c - 6910 = -16*c. Suppose -c + 284 = -7*k. Calculate the remainder when k is divided by 13.
11
Suppose -20698 = -4*q - 5*d, q - 5168 = d + d. Suppose 56*a - q = 1436. What is the remainder when 231 is divided by a?
113
Let i(n) = 20*n + 299. Calculate the remainder when 69 is divided by i(-14).
12
Suppose 3*d = -3, -2*d = w - d - 87. Suppose 8*t - 19*t = -w. What is the remainder when 172 is divided by t?
4
Suppose 4*k - 24*r - 238 = -22*r, 2*r = -5*k + 311. What is the remainder when 119 is divided by k?
58
Let a(d) = 2*d + 35. Let i be a(-15). Suppose i*o = -5*x + 4*o + 589, 239 = 2*x - 3*o. Calculate the remainder when x is divided by 32.
22
Let c = -2120 + 2257. What is the remainder when c is divided by 14?
11
Suppose 145 = h + 4*n, -7*h + n = -4*h - 448. Suppose 0 = -5*k + 50 - 0. What is the remainder when h is divided by k?
9
Let p(f) = 16*f - 1. Let l = -4 - -5. Calculate the remainder when p(l) is divided by ((-4)/6)/((250/120)/(-25)).
7
Let b(o) = o**3 - 16*o**2 - 10*o - 93. Calculate the remainder when 512 is divided by b(17).
18
Let v = 3 + 15. Let c(j) = 3*j**2 + 61*j + 165. Calculate the remainder when c(-18) is divided by 220/v + 2/(-9).
3
Let c(p) = -p**2 + 20*p - 4. Let l be c(15). Suppose 43 = 2*q - l. Calculate the remainder when q is divided by 17.
6
Let a(c) = -97*c - 16. Let i = -3207 + 3234. What is the remainder when a(-2) is divided by i?
16
Let s = 1073 - 448. Suppose 34*p + s - 3685 = 0. Calculate the remainder when p is divided by 33.
24
Let z = 108 - -137. Suppose -27*v + 187 = -z. What is the remainder when 61 is divided by v?
13
Suppose 2*q - 33 = i, -47*i + 51*i - 38 = -2*q. Suppose 5*a - 141 = 2*a. Calculate the remainder when a is divided by q.
13
Let d(v) be the first derivative of 4*v**3/3 - v**2/2 - v + 2. Suppose -4*x - 190 + 178 = 0. Calculate the remainder when d(x) is divided by 13.
12
Suppose p + 2*c = 1156, -84 = 2*c - 74. Calculate the remainder when p is divided by 29.
6
Suppose 88*g = 82*g + 18378. Calculate the remainder when g is divided by 146.
143
Let j(f) = f**2 + 22*f + 99. Let p be 6/(-39) + 232/(-13). Calculate the remainder when 701 is divided by j(p).
26
Let q = 83 + -82. Let x(m) = -41*m + 2. Let z be x(q).